tiple of 62?
True
Does 150 divide 43045?
False
Does 28 divide 76130?
False
Is 8109793 a multiple of 2419?
False
Is 12528 a multiple of 12?
True
Does 277 divide 6718766?
False
Does 73 divide 163520?
True
Does 310 divide 740742?
False
Is 110240 a multiple of 205?
False
Is 1343766 a multiple of 672?
False
Is 265 a factor of 1960?
False
Does 738 divide 1346850?
True
Does 179 divide 586941?
True
Does 37 divide 89466?
True
Does 187 divide 1942556?
True
Is 394 a factor of 9493524?
False
Is 569840 a multiple of 34?
True
Does 12 divide 195516?
True
Does 591 divide 844539?
True
Is 3253896 a multiple of 344?
True
Is 20 a factor of 75300?
True
Does 6 divide 83454?
True
Does 37 divide 26640?
True
Does 417 divide 1324809?
True
Is 1960075 a multiple of 815?
True
Is 2252371 a multiple of 18?
False
Is 440 a factor of 872527?
False
Does 87 divide 547230?
True
Does 102 divide 131055?
False
Does 46 divide 3759580?
True
Does 21 divide 5882277?
False
Is 64 a factor of 84800?
True
Is 4 a factor of 4413436?
True
Is 12 a factor of 13278?
False
Does 80 divide 12276587?
False
Is 137 a factor of 486898?
True
Is 158312 a multiple of 231?
False
Is 13 a factor of 786591?
True
Is 70 a factor of 44534?
False
Is 121370 a multiple of 2?
True
Does 732 divide 5951892?
True
Is 18398629 a multiple of 499?
True
Is 176353 a multiple of 291?
False
Is 577 a factor of 68086?
True
Does 726 divide 3028159?
False
Is 15 a factor of 957595?
False
Is 11390 a multiple of 17?
True
Does 68 divide 821848?
True
Is 47395 a multiple of 8?
False
Does 50 divide 1600?
True
Is 50 a factor of 3731450?
True
Is 24 a factor of 2510304?
True
Does 6 divide 203736?
True
Is 132 a factor of 5280?
True
Does 17 divide 1137430?
False
Is 169 a factor of 1991158?
True
Does 36 divide 144359?
False
Does 80 divide 257040?
True
Does 187 divide 1100257?
False
Is 101 a factor of 1735281?
True
Is 660002 a multiple of 14?
True
Is 83 a factor of 35275?
True
Is 149657 a multiple of 109?
True
Is 459 a factor of 974916?
True
Is 5127080 a multiple of 35?
True
Is 3304197 a multiple of 39?
True
Is 47 a factor of 3807775?
False
Is 518967 a multiple of 149?
True
Is 26676 a multiple of 26?
True
Does 222 divide 920634?
True
Is 1621557 a multiple of 49?
True
Is 28221 a multiple of 2?
False
Is 141611 a multiple of 47?
True
Is 60 a factor of 318420?
True
Is 7931664 a multiple of 117?
True
Is 4166082 a multiple of 414?
True
Is 185 a factor of 238095?
True
Does 55 divide 69075?
False
Is 39 a factor of 2029443?
True
Is 12 a factor of 29644?
False
Is 411854 a multiple of 86?
True
Does 19 divide 14740447?
True
Is 463417 a multiple of 9?
False
Is 372 a factor of 270816?
True
Is 49 a factor of 463617?
False
Does 31 divide 194897?
True
Is 21 a factor of 111326?
False
Does 32 divide 266471?
False
Is 2871479 a multiple of 10?
False
Is 9520137 a multiple of 761?
False
Is 10665 a multiple of 45?
True
Is 227909 a multiple of 4?
False
Does 23 divide 1214561?
True
Is 388 a factor of 4252255?
False
Is 66 a factor of 47206?
False
Is 12 a factor of 123156?
True
Does 61 divide 4762087?
True
Does 37 divide 605229?
False
Is 161 a factor of 2285395?
True
Is 10618062 a multiple of 42?
True
Is 7 a factor of 641424?
True
Is 405 a factor of 238518?
False
Is 590744 a multiple of 56?
True
Is 15 a factor of 5851354?
False
Is 604 a factor of 135539?
False
Does 55 divide 173195?
True
Is 84064 even?
True
Is 256348 a multiple of 4?
True
Is 620 a multiple of 31?
True
Does 10 divide 225254?
False
Is 5170185 a multiple of 855?
True
Is 1873696 a multiple of 32?
True
Is 224500 a multiple of 100?
True
Is 96 a factor of 83808?
True
Is 51 a factor of 178222?
False
Does 10 divide 186289?
False
Does 508 divide 2937256?
True
Is 2943370 a multiple of 10?
True
Does 2 divide 207817?
False
Is 32 a factor of 33344?
True
Is 27 a factor of 1117989?
True
Is 28 a factor of 1119333?
False
Is 4571344 a multiple of 222?
False
Does 83 divide 4197891?
True
Does 880 divide 27308587?
False
Does 41 divide 3087669?
True
Does 12 divide 122718?
False
Is 60419 a multiple of 8?
False
Does 7 divide 256921?
True
Is 249 a factor of 331170?
True
Is 195660 a multiple of 20?
True
Is 64 a factor of 4416960?
True
Is 418695 a multiple of 5?
True
Does 748 divide 1564872?
False
Is 119 a factor of 1100036?
True
Does 6 divide 41009?
False
Is 148758 a multiple of 476?
False
Does 16 divide 2157437?
False
Is 27 a factor of 57352?
False
Is 1420432 a multiple of 61?
False
Is 8 a factor of 1336698?
False
Is 32 a factor of 11744?
True
Is 36 a factor of 297864?
True
Is 16 a factor of 3702944?
True
Is 136350 a multiple of 9?
True
Does 54 divide 1080467?
False
Is 9 a factor of 1235079?
True
Is 135184 a multiple of 68?
True
Is 26 a factor of 956072?
True
Is 10 a factor of 676650?
True
Is 355556 a multiple of 206?
True
Does 58 divide 374144?
False
Does 16 divide 1586696?
False
Is 158017 a multiple of 218?
False
Is 40168 even?
True
Is 271942 a multiple of 11?
True
Is 494 a factor of 1790256?
True
Is 106 a factor of 1319170?
True
Does 12 divide 90192?
True
Is 3 a factor of 700867?
False
Is 13 a factor of 14505?
False
Is 591 a factor of 3146359?
False
Is 750489 a multiple of 97?
True
Is 161 a factor of 2987810?
False
Is 2480348 a multiple of 101?
False
Does 42 divide 269023?
False
Is 2542061 a multiple of 17?
True
Does 96 divide 233161?
False
Does 122 divide 1679330?
True
Is 3947060 a multiple of 34?
True
Is 10 a factor of 100300?
True
Does 36 divide 307686?
False
Is 62 a factor of 449934?
True
Is 425 a factor of 3140269?
False
Is 124692 even?
True
Does 666 divide 223776?
True
Is 79 a factor of 96347?
False
Does 90 divide 20263?
False
Is 24192 a multiple of 36?
True
Is 3 a factor of 352530?
True
Is 75381 a multiple of 15?
False
Does 11 divide 852874?
True
Does 1220 divide 32699610?
False
Is 270216 a multiple of 278?
True
Does 262 divide 4389875?
False
Does 24 divide 395568?
True
Is 223762 a multiple of 2?
True
Is 73 a factor of 1941292?
False
Does 778 divide 4059365?
False
Is 2300912 a multiple of 365?
False
Is 15 a factor of 182728?
False
Is 102821 a multiple of 336?
False
Is 619 a factor of 10181312?
True
Does 18 divide 21528?
True
Does 5 divide 85961?
False
Is 2440148 a multiple of 15?
False
Does 126 divide 8007692?
False
Is 1740816 a multiple of 504?
True
Does 17 divide 564526?
False
Does 213 divide 84348?
True
Is 43596 a multiple of 6?
True
Is 4 a factor of 76818?
False
Is 345 a factor of 8380397?
False
Does 7 divide 1438236?
False
Is 53 a factor of 6861689?
False
Is 11 a factor of 45241?
False
Does 9 divide 790066?
False
Is 83 a factor of 1150131?
True
Is 18 a factor of 403992?
True
Is 172 a factor of 1323702?
False
Is 75 a factor of 217875?
True
Does 129 divide 4260870?
True
Does 65 divide 21125?
True
Is 5 a factor of 16230?
True
Is 24476 a multiple of 60?
False
Is 1187446 a multiple of 13?
True
Is 173016 a multiple of 81?
True
Does 7 divide 832384?
True
Is 1815021 a multiple of 351?
True
Is 4 a factor of 181634?
False
Is 1172 a factor of 2811628?
True
Is 125070 a multiple of 20?
False
Is 19 a factor of 52861?
False
Is 82 a factor of 129877?
False
Is 114477 a multiple of 11?
True
Is 14548450 a multiple of 394?
True
Is 381068 a multiple of 4?
True
Is 968 a factor of 1603976?
True
Is 1533 a factor of 17948364?
True
Is 237 a factor of 136729?
False
Is 164 a factor of 1361692?
True
Is 11 a factor of 2497099?
True
Is 9774603 a multiple of 89?
True
Is 6 a factor of 474113?
False
Is 82914 a multiple of 2?
True
Is 286651 a multiple of 47?
False
Does 16 divide 24940?
False
Does 10 divide 51335?
False
Does 21 divide 38325?
True
Is 4463019 a multiple of 243?
False
Does 105 divide 6129795?
True
Does 50 divide 1815850?
True
Is 1803458 a multiple of 804?
False
Is 1344 a multiple of 56?
True
Does 277 divide 180023?
False
Does 20 divide 350821?
False
Is 1452349 a multiple of 15?
False
Is 8 a factor of 167936?
True
Does 33 divide 4435659?
False
Is 6681 a multiple of 18?
False
Is 68 a factor of 48756?
True
Is 249 a factor of 179862?
False
Does 410 divide 1448120?
True
Is 7884293 a multiple of 302?
False
Is 119680 a multiple of 85?
True
Does 14 divide 23670?
False
Is 1318212 a multiple of 252?
True
Is 8 a factor of 756265?
False
Is 137 a factor of 593475?
False
Is 25 a factor of 674966?
False
Does 56 divide 351668?
False
Does 13 divide 5